{"id":112,"date":"2017-11-21T21:20:33","date_gmt":"2017-11-21T21:20:33","guid":{"rendered":"http:\/\/www.piolp.es\/?page_id=112"},"modified":"2023-11-24T14:09:51","modified_gmt":"2023-11-24T14:09:51","slug":"inicio","status":"publish","type":"page","link":"https:\/\/www.piolp.es\/","title":{"rendered":"\u00daltimas actuaciones"},"content":{"rendered":"<p><button id=\"elementor-menu-toggle\"><\/button><\/p>\n<nav itemtype=\"http:\/\/schema.org\/SiteNavigationElement\" itemscope=\"itemscope\" id=\"elementor-navigation\" role=\"navigation\" aria-label=\"Elementor Menu\">\n<ul id=\"elementor-navmenu\">\n<li id=\"menu-item-250\"><a href=\"https:\/\/www.piolp.es\/\">INICIO<\/a><\/li>\n<li id=\"menu-item-247\"><a href=\"https:\/\/www.piolp.es\/index.php\/noticias\/\">\u00daltimas actuaciones<\/a><\/li>\n<li id=\"menu-item-671\"><a href=\"#\">Ordenaci\u00f3n del territorio<\/a>\n<ul>\n<li id=\"menu-item-577\"><a href=\"https:\/\/www.piolp.es\/index.php\/plan-insular-de-ordenacion\/\">Plan Insular de Ordenaci\u00f3n<\/a><\/li>\n<li id=\"menu-item-708\"><a>Planes territoriales<\/a>\n<ul>\n<li id=\"menu-item-554\"><a href=\"https:\/\/www.piolp.es\/index.php\/planes-territoriales-especiales\/\">Especiales<\/a><\/li>\n<li id=\"menu-item-711\"><a href=\"https:\/\/www.piolp.es\/index.php\/planes-territoriales-parciales\/\">Parciales<\/a><\/li>\n<\/ul>\n<\/li>\n<li id=\"menu-item-555\"><a href=\"https:\/\/www.piolp.es\/index.php\/planes-normas-espacios-naturales-protegidos\/\">Planes y normas de Espacios Naturales Protegidos<\/a><\/li>\n<li id=\"menu-item-1760\"><a href=\"https:\/\/www.piolp.es\/index.php\/planes-de-gestion-de-las-zonas-especiales-de-conservacion-zec-terrestres-integrantes-de-la-red-natura-2000-en-construccion\/\">Planes de gesti\u00f3n de las Zonas Especiales de Conservaci\u00f3n (ZEC) terrestres integrantes de la Red Natura 2000  (EN CONSTRUCCI\u00d3N)<\/a><\/li>\n<li id=\"menu-item-557\"><a href=\"https:\/\/www.piolp.es\/index.php\/ordenanzas\/\">Ordenanzas<\/a><\/li>\n<li id=\"menu-item-556\"><a href=\"https:\/\/www.piolp.es\/index.php\/otros\/\">Otros (Instrumentos de planificaci\u00f3n singular,ordenanzas provisionales y actuaciones de inter\u00e9s insular)<\/a><\/li>\n<\/ul>\n<\/li>\n<li id=\"menu-item-433\"><a href=\"https:\/\/www.piolp.es\/index.php\/preguntas-frecuentes\/\">Preguntas frecuentes<\/a><\/li>\n<\/ul>\n<\/nav>\n<p>\t\t\t\t\t\t\t\t\t\t<img width=\"168\" height=\"250\" src=\"http:\/\/www.piolp.es\/wp-content\/uploads\/2017\/11\/cropped-LOGO_white.png\" alt=\"\" decoding=\"async\" loading=\"lazy\" \/>\t\t\t\t\t\t\t\t\t\t\t<\/p>\n<h2>Planeamiento insular<\/h2>\n<h2>Cabildo de La Palma<\/h2>\n<p>Desde el Cabildo de La Palma queremos <strong>fomentar la participaci\u00f3n de la ciudadan\u00eda<\/strong> en el ordenamiento de nuestro territorio, aportando ideas a la planificaci\u00f3n insular, favoreciendo el debate y construyendo juntos una isla mejor.<\/p>\n<p>\n\t\t\t\t\t<a href=\" \">Planeamiento insular <\/a>\n\t\t\t\t<\/p>\n<\/p>\n<figure><img decoding=\"async\" src=\"http:\/\/www.piolp.es\/wp-content\/uploads\/2018\/01\/foto_03.jpg\"\/><figcaption>\n<h2>Plan Insular de Ordenaci\u00f3n<br \/>\n<\/h2>\n<h5>[PIOLP]<\/h5>\n<\/figcaption><a href=\"http:\/\/www.piolp.es\/index.php\/plan-insular-de-ordenacion\/\"><\/a><br \/>\n<\/figure>\n<figure><img decoding=\"async\" src=\"http:\/\/www.piolp.es\/wp-content\/uploads\/2018\/01\/foto_02.jpg\"\/><figcaption>\n<h2>Planes territoriales<\/h2>\n<\/figcaption><a href=\"http:\/\/www.piolp.es\/index.php\/planes-territoriales\/\"><\/a><br \/>\n<\/figure>\n<figure><img decoding=\"async\" src=\"http:\/\/www.piolp.es\/wp-content\/uploads\/2018\/01\/foto_05.jpg\"\/><figcaption>\n<h2>Planes y normas de Espacios Naturales Protegidos<\/h2>\n<\/figcaption><a href=\"http:\/\/www.piolp.es\/index.php\/planes-normas-espacios-naturales-protegidos\"><\/a><br \/>\n<\/figure>\n<figure><img decoding=\"async\" src=\"http:\/\/www.piolp.es\/wp-content\/uploads\/2018\/01\/foto_01.jpg\"\/><figcaption>\n<h2>Ordenanzas<\/h2>\n<\/figcaption><a href=\"http:\/\/www.piolp.es\/index.php\/ordenanzas\/\"><\/a><br \/>\n<\/figure>\n<figure><img decoding=\"async\" src=\"http:\/\/www.piolp.es\/wp-content\/uploads\/2018\/01\/elapaso_01.jpg\"\/><figcaption>\n<h2>Otros<\/h2>\n<\/figcaption><a href=\"http:\/\/www.piolp.es\/index.php\/otros\"><\/a><br \/>\n<\/figure>\n<p>\t\t\t\t<a href=\" \"><br \/>\n\t\t\t\t<\/a><\/p>\n<h5>\n\t\t\t\t\t<a href=\" \">\u00daltimas noticias<\/a><br \/>\n\t\t\t\t<\/h5>\n<\/p>\n<p>\t\t            <div id=\"post-grid-lazy-183\" class=\"post-grid-lazy\"><img decoding=\"async\" alt=\"\" src=\"\" \/><\/div>\r\n        <script>\r\n            jQuery('#post-grid-lazy-183').ready(function($) {\r\n                $('#post-grid-lazy-183').fadeOut();\r\n                $('#post-grid-183   ').fadeIn();\r\n            })\r\n        <\/script>\r\n        <style type=\"text\/css\">\r\n            #post-grid-183 {display: none;}\r\n            .post-grid-lazy {\r\n                text-align: center;\r\n            }\r\n        <\/style>\r\n        <div data-options='{&quot;id&quot;:&quot;183&quot;,&quot;lazy_load&quot;:&quot;yes&quot;,&quot;masonry_enable&quot;:&quot;no&quot;,&quot;view_type&quot;:&quot;grid&quot;}' id=\"post-grid-183\" class=\"post-grid grid\">\r\n                <div class=\"grid-items\">\r\n            <div class=\"item item-2198 skin flat even 0 \">\r\n                <div class=\"layer-wrapper layout-\">\r\n                <div class=\"layer-media\"><a class=\"custom\" href=\"https:\/\/www.piolp.es\/index.php\/2025\/08\/01\/el-servicio-de-ordenacion-del-cabildo-acerca-mas-a-la-poblacion-a-la-revision-del-plan-insular-mediante-un-visor-cartografico-interactivo-2-3-2\/\"><img decoding=\"async\" src=\"https:\/\/www.piolp.es\/wp-content\/plugins\/post-grid\/assets\/frontend\/images\/placeholder.png\" \/><\/a><\/div>\r\n    <div class=\"layer-content\">\r\n            <div class=\"element element_0  post_date \">\r\n                    01-08-2025        \r\n    <\/div>\r\n    <hr class=\"element element_1  hr \">\r\n    <\/hr>\r\n    <div class=\"element element_2  title \">\r\n                    <a target=\"\" href=\"https:\/\/www.piolp.es\/index.php\/2025\/08\/01\/el-servicio-de-ordenacion-del-cabildo-acerca-mas-a-la-poblacion-a-la-revision-del-plan-insular-mediante-un-visor-cartografico-interactivo-2-3-2\/\">JORNADAS PROCESO DE PARTICIPACI\u00d3N DE LA MODIFICACI\u00d3N SUSTANCIAL PARCIAL N\u00ba4 DEL PLAN INSULAR DE ORDENACI\u00d3N DE LA PALMA PARA LA PREVENCI\u00d3N DE RIESGOS E INFRAESTRUCTURA VERDE DEL 1 AL 4 DE SEPTIEMBRE DE 2025<\/a>\r\n\r\n        \r\n\r\n    <\/div>\r\n            <a class=\"element element_3  read_more \" target=\"_blank\" href=\"https:\/\/www.piolp.es\/index.php\/2025\/08\/01\/el-servicio-de-ordenacion-del-cabildo-acerca-mas-a-la-poblacion-a-la-revision-del-plan-insular-mediante-un-visor-cartografico-interactivo-2-3-2\/\">Leer m\u00e1s<\/a>\r\n    \r\n    <\/div>\r\n        <\/div>\r\n    <\/div><div class=\"item item-1986 skin flat odd 1 \">\r\n                <div class=\"layer-wrapper layout-\">\r\n                <div class=\"layer-media\"><a class=\"custom\" href=\"https:\/\/www.piolp.es\/index.php\/2025\/03\/07\/el-servicio-de-ordenacion-del-cabildo-acerca-mas-a-la-poblacion-a-la-revision-del-plan-insular-mediante-un-visor-cartografico-interactivo-2-3\/\"><img decoding=\"async\" src=\"https:\/\/www.piolp.es\/wp-content\/plugins\/post-grid\/assets\/frontend\/images\/placeholder.png\" \/><\/a><\/div>\r\n    <div class=\"layer-content\">\r\n            <div class=\"element element_0  post_date \">\r\n                    07-03-2025        \r\n    <\/div>\r\n    <hr class=\"element element_1  hr \">\r\n    <\/hr>\r\n    <div class=\"element element_2  title \">\r\n                    <a target=\"\" href=\"https:\/\/www.piolp.es\/index.php\/2025\/03\/07\/el-servicio-de-ordenacion-del-cabildo-acerca-mas-a-la-poblacion-a-la-revision-del-plan-insular-mediante-un-visor-cartografico-interactivo-2-3\/\">APROBACI\u00d3N DEFINITIVA DE LA ORDENANZA PROVISIONAL INSULAR DEL COMPLEJO SOCIOSANITARIO VIRGEN DE LAS NIEVES, T.M. S\/C DE LA PALMA (ENTRADA EN VIGOR 28\/03\/2025)<\/a>\r\n\r\n        \r\n\r\n    <\/div>\r\n            <a class=\"element element_3  read_more \" target=\"_blank\" href=\"https:\/\/www.piolp.es\/index.php\/2025\/03\/07\/el-servicio-de-ordenacion-del-cabildo-acerca-mas-a-la-poblacion-a-la-revision-del-plan-insular-mediante-un-visor-cartografico-interactivo-2-3\/\">Leer m\u00e1s<\/a>\r\n    \r\n    <\/div>\r\n        <\/div>\r\n    <\/div>        <\/div>\r\n                <style type=\"text\/css\">\r\n            \/*Write your CSS code here*\/        <\/style>\r\n    \r\n\r\n        <script>\r\n            \/*Write your js code here*\/        <\/script>\r\n        <style type=\"text\/css\">\r\n        #post-grid-183 .element_0 {\r\n            font-size:12px;display:block;padding:10px;7;text-align: left;        }\r\n        #post-grid-183 .element_1 {\r\n            font-size:8px;display:block;padding:10px;        }\r\n        #post-grid-183 .element_2 {\r\n            display: block;font-size: 18px;line-height: normal;padding: 5px 10px;text-align: left;        }\r\n        #post-grid-183 .element_3 {\r\n            font-size:12px;display:block;padding:10px;text-align: left;        }\r\n        #post-grid-183 .element_0:hover{}#post-grid-183 .element_1:hover{}#post-grid-183 .element_2:hover{}#post-grid-183 .element_3:hover{}    <\/style>\r\n    <style type=\"text\/css\">\r\n        #post-grid-183 {\r\n            padding: 10px;\r\n                    }\r\n        #post-grid-183 .item {\r\n            background: #f7f7f7;\r\n                    }\r\n        #post-grid-183 .item .layer-media {\r\n            height:auto;        }\r\n        @media only screen and (min-width: 0px) and (max-width: 767px) {\r\n            #post-grid-183 .grid-items {\r\n                text-align: center;\r\n                            }\r\n            #post-grid-183 .item {\r\n                width: 80%;\r\n                margin: 30px;\r\n                display: inline-block;\r\n                vertical-align: top;\r\n                height:auto;            }\r\n        }\r\n        @media only screen and (min-width: 768px) and (max-width: 1023px) {\r\n            #post-grid-183 .grid-items {\r\n                 text-align: center;\r\n                            }\r\n            #post-grid-183 .item {\r\n                width: 280px;\r\n                margin: 30px;\r\n                display: inline-block;\r\n                vertical-align: top;\r\n                max-height:auto;            }\r\n        }\r\n        @media only screen and (min-width: 1024px) {\r\n            #post-grid-183 .grid-items {\r\n                text-align: center;\r\n                            }\r\n            #post-grid-183 .item {\r\n                width: 280px;\r\n                display: inline-block;\r\n                margin: 30px;\r\n                vertical-align: top;\r\n                height:auto;            }\r\n        }\r\n            <\/style>\r\n    <\/div>\r\n\n\t\t\t<a href=\"http:\/\/www.piolp.es\/index.php\/noticias\/\" role=\"button\"><br \/>\n\t\t\t\t\t\tLeer m\u00e1s noticias<br \/>\n\t\t\t\t\t<\/a><br \/>\n\t\t\t\t\t\t\t\t\t\t<img width=\"1024\" height=\"768\" src=\"http:\/\/www.piolp.es\/wp-content\/uploads\/2017\/11\/vist-lapalma-balcones-1-1024x768.jpg\" alt=\"\" decoding=\"async\" loading=\"lazy\" srcset=\"https:\/\/www.piolp.es\/wp-content\/uploads\/2017\/11\/vist-lapalma-balcones-1.jpg 1024w, https:\/\/www.piolp.es\/wp-content\/uploads\/2017\/11\/vist-lapalma-balcones-1-300x225.jpg 300w, https:\/\/www.piolp.es\/wp-content\/uploads\/2017\/11\/vist-lapalma-balcones-1-768x576.jpg 768w, https:\/\/www.piolp.es\/wp-content\/uploads\/2017\/11\/vist-lapalma-balcones-1-750x563.jpg 750w\" sizes=\"(max-width: 1024px) 100vw, 1024px\" \/>\t\t\t\t\t\t\t\t\t\t\t<\/p>\n<p style=\"text-align: left;\"><i>Porque nuestro futuro depende de nosotros mismos y para que entre todos planifiquemos la isla donde vivimos y queramos seguir haci\u00e9ndolo<\/i><\/p>\n<p style=\"text-align: left;\"><b>Es nuestra responsabilidad<\/b><\/p>\n<p style=\"text-align: left;\"><em>Es imprescindible contar con una planificaci\u00f3n adecuada, que establezca criterios sostenibles para el uso del suelo y generaci\u00f3n de empleo y riqueza<br \/><\/em><\/p>\n<p>\t\t\t\t\t\t\t\t\t\t<img width=\"1802\" height=\"1152\" src=\"http:\/\/www.piolp.es\/wp-content\/uploads\/2017\/11\/vist-lapalma-sc-e1511346832690.jpg\" alt=\"\" decoding=\"async\" loading=\"lazy\" srcset=\"https:\/\/www.piolp.es\/wp-content\/uploads\/2017\/11\/vist-lapalma-sc-e1511346832690.jpg 1802w, https:\/\/www.piolp.es\/wp-content\/uploads\/2017\/11\/vist-lapalma-sc-e1511346832690-300x192.jpg 300w, https:\/\/www.piolp.es\/wp-content\/uploads\/2017\/11\/vist-lapalma-sc-e1511346832690-768x491.jpg 768w, https:\/\/www.piolp.es\/wp-content\/uploads\/2017\/11\/vist-lapalma-sc-e1511346832690-1024x655.jpg 1024w, https:\/\/www.piolp.es\/wp-content\/uploads\/2017\/11\/vist-lapalma-sc-e1511346832690-750x479.jpg 750w\" sizes=\"(max-width: 1802px) 100vw, 1802px\" \/><br \/>\n\t\t\t\t\t\t\t<a href=\"https:\/\/www.facebook.com\/PlanificacionCabLP\/\" target=\"_blank\" rel=\"noopener\"><br \/>\n\t\t\t\t\tFacebook<br \/>\n\t\t\t\t<\/a><br \/>\n\t\t\t\t\t\t\t<a href=\"https:\/\/twitter.com\/PlanesCabLP \" target=\"_blank\" rel=\"noopener\"><br \/>\n\t\t\t\t\tTwitter<br \/>\n\t\t\t\t<\/a><br \/>\n\t\t\t\t\t\t\t<a href=\"https:\/\/www.instagram.com\/planescablp\/ \" target=\"_blank\" rel=\"noopener\"><br \/>\n\t\t\t\t\tInstagram<br \/>\n\t\t\t\t<\/a><\/p>\n<h5>\n\t\t\t\t\tContacto<br \/>\n\t\t\t\t<\/h5>\n<p><b>Direcci\u00f3n:<\/b> Avenida Mar\u00edtima, 34, Santa Cruz de La Palma, 38700<br \/>\n<br \/>\n<b>Correo electr\u00f3nico:<\/b> territorio@cablapalma.es<br \/>\n<b>Tel\u00e9fono:<\/b> 922 42 31 00\n<\/p>\n<p>\t\t<img loading=\"lazy\" decoding=\"async\" src=\"http:\/\/www.piolp.es\/wp-content\/uploads\/2018\/01\/LOGO_planeamiento.png\" alt=\"\" width=\"165\" height=\"101\" \/> <a href=\"http:\/\/www.cabildodelapalma.es\"><img loading=\"lazy\" decoding=\"async\" src=\"http:\/\/www.piolp.es\/wp-content\/uploads\/2018\/02\/LOGO_cabildo-LP.png\" alt=\"\" width=\"126\" height=\"109\" \/><\/a>&gt;<\/p>\n","protected":false},"excerpt":{"rendered":"<p>INICIO \u00daltimas actuaciones Ordenaci\u00f3n del territorio Plan Insular de Ordenaci\u00f3n Planes territoriales Especiales Parciales Planes y normas de Espacios Naturales Protegidos Planes de gesti\u00f3n de las Zonas Especiales de Conservaci\u00f3n (ZEC) terrestres integrantes de la Red Natura 2000 (EN CONSTRUCCI\u00d3N) Ordenanzas Otros (Instrumentos de planificaci\u00f3n singular,ordenanzas provisionales y actuaciones de inter\u00e9s insular) Preguntas frecuentes Planeamiento [&hellip;]<\/p>\n","protected":false},"author":1,"featured_media":0,"parent":0,"menu_order":0,"comment_status":"closed","ping_status":"closed","template":"elementor_canvas","meta":{"pgc_meta":"","_monsterinsights_skip_tracking":false,"_monsterinsights_sitenote_active":false,"_monsterinsights_sitenote_note":"","_monsterinsights_sitenote_category":0,"footnotes":""},"pgc_meta":"","_links":{"self":[{"href":"https:\/\/www.piolp.es\/index.php\/wp-json\/wp\/v2\/pages\/112"}],"collection":[{"href":"https:\/\/www.piolp.es\/index.php\/wp-json\/wp\/v2\/pages"}],"about":[{"href":"https:\/\/www.piolp.es\/index.php\/wp-json\/wp\/v2\/types\/page"}],"author":[{"embeddable":true,"href":"https:\/\/www.piolp.es\/index.php\/wp-json\/wp\/v2\/users\/1"}],"replies":[{"embeddable":true,"href":"https:\/\/www.piolp.es\/index.php\/wp-json\/wp\/v2\/comments?post=112"}],"version-history":[{"count":366,"href":"https:\/\/www.piolp.es\/index.php\/wp-json\/wp\/v2\/pages\/112\/revisions"}],"predecessor-version":[{"id":1937,"href":"https:\/\/www.piolp.es\/index.php\/wp-json\/wp\/v2\/pages\/112\/revisions\/1937"}],"wp:attachment":[{"href":"https:\/\/www.piolp.es\/index.php\/wp-json\/wp\/v2\/media?parent=112"}],"curies":[{"name":"wp","href":"https:\/\/api.w.org\/{rel}","templated":true}]}}